) = v**3 + 11*v**2 + 9*v - 5. Let q be m(-10). Let f(r) = 3*r - 9. Calculate the remainder when 15 is divided by f(q).
3
Let q = -8 - -27. Let g(y) = 3*y + 92. Calculate the remainder when g(0) is divided by q.
16
Suppose 67 = 3*v - 4*i - 19, -3*i = -4*v + 110. Let u = -43 - -25. Let d = v + u. Calculate the remainder when 22 is divided by d.
6
Let b(v) = v**3 + 9*v**2 - 11*v + 27. What is the remainder when b(-7) is divided by 23?
18
Let z = -58 + 83. Suppose 7*j = -o + 3*j + 28, z = o + 3*j. Calculate the remainder when o is divided by 9.
7
Let l = 31 + -15. Let u(o) = -19*o + 1482. Calculate the remainder when u(75) is divided by l.
9
Let m = -13 - -13. Suppose -4*u + 2*a = -48, m = -2*a - 2*a. Let w(k) = 2*k - 9. What is the remainder when u is divided by w(8)?
5
Let m be (-6)/(-15) - (-42)/(-5). Let g(t) = 16*t + 1. Let a(p) = -7*p - 1. Let q(b) = -9*a(b) - 4*g(b). What is the remainder when 50 is divided by q(m)?
11
What is the remainder when -4*(87/(-6) - -5) is divided by 13?
12
Suppose -3*a - 5*g = -2*a + 6, 0 = -a - 2*g. Suppose -5*r = i + 10, 2*i - a*r - 15 = 7. What is the remainder when 30 is divided by i?
0
Let p(a) = -a**3 - 17*a**2 + 55*a - 16. Calculate the remainder when p(-20) is divided by 23.
15
Let y = -334 + 352. What is the remainder when 31 is divided by y?
13
Let t(a) = -182*a + 11. Calculate the remainder when t(-1) is divided by 39.
37
Let z = -293 + 316. What is the remainder when 111 is divided by z?
19
Let a(n) = -28*n - 70. Let o(c) = 9*c + 23. Let b(w) = 2*a(w) + 7*o(w). Calculate the remainder when b(15) is divided by 32.
30
Suppose 2*m + g = 6 + 37, -3*g + 53 = 2*m. Suppose 11*o - m*o + 72 = 0. Let p = -39 + 64. Calculate the remainder when p is divided by o.
7
Suppose 221*j + 19768 = 235*j. What is the remainder when j is divided by 101?
99
Let a be 1 + 2 - 5 - -2. Suppose 0 = -l - 5*b - 7 + 40, a = 4*l - 4*b - 180. Calculate the remainder when l is divided by 9.
7
Suppose -23 = 8*w - 47. Calculate the remainder when 230 is divided by w.
2
Let o(k) = -k. Let i be -78 - 5*(-8)/(-20). Let v = 122 + i. What is the remainder when v is divided by o(-15)?
12
Suppose 4*c - 147 = 1. Let w be 1/(1/4)*c. Suppose -7*j + 3*j + w = 0. What is the remainder when j is divided by 19?
18
Suppose 0 = -3*l - 15, 0 = 2*y - 4*y + l + 13. Let p be 21/28 + 93/y. Let m = p - -10. What is the remainder when m is divided by 9?
7
Let q = -52 + 44. Let s(i) = 3*i**2 + 24*i + 4. Calculate the remainder when 31 is divided by s(q).
3
Let b(y) = -5*y + 8 - 10*y**2 + 1 - y**3 - 4*y. Let i = -410 - -401. What is the remainder when 17 is divided by b(i)?
8
Let r be 8/6*6/8. Let v(l) = 24*l**3 - 4*l + 3. What is the remainder when 91 is divided by v(r)?
22
Let g(y) = y + 12. Let l(w) = 9*w**3 - 19*w**2 + 36*w - 3. Calculate the remainder when l(2) is divided by g(10).
21
Suppose 3*y - 5*z - 2621 = 0, -2*y - 4*z - 135 = -1853. What is the remainder when y is divided by 11?
9
Suppose -43 = -9*h + 20. What is the remainder when 49 is divided by h?
0
Suppose 23*i - 37*i + 504 = 0. Calculate the remainder when 62 is divided by i.
26
Let f = 208 + -189. Calculate the remainder when 88 is divided by f.
12
Let d(w) = w + 12. Suppose 11*b + 330 = 33*b. What is the remainder when b is divided by d(-5)?
1
Suppose -4*c = -5*q - 3*c + 86, 24 = 2*q - 3*c. What is the remainder when 35 is divided by 3/(1/q*3)?
17
Let l(w) = 86 - 85 + w**2 - 46*w**3 - 10*w**3 + w. What is the remainder when l(-1) is divided by 20?
17
Let l = 21 - 7. Suppose -15 - 78 = -3*s + 3*r, 0 = 4*s + 4*r - 76. Calculate the remainder when s is divided by l.
11
Let k = -47 - -66. Let a be 11/((-1 + 0)*1). Let x = k + a. Calculate the remainder when 15 is divided by x.
7
Suppose 0 = -k - 5*x + 26 + 7, -x + 43 = 3*k. What is the remainder when 168 is divided by k?
12
Suppose 0 = 2*h - 4*h + 2, 2*r - 21 = -5*h. Calculate the remainder when 58 is divided by r.
2
Let i(g) = g**2 + 6*g - 52. What is the remainder when i(7) is divided by 14?
11
Let d = -237 - -273. Suppose 0*s + 37 = 4*o - s, 3*o = 3*s + 21. What is the remainder when d is divided by o?
6
Suppose 62*u = 9*u + 26924. Calculate the remainder when u is divided by 5.
3
Suppose 6*l = 5*l + 14. Calculate the remainder when (-24)/(-108) + (-493)/(-9) is divided by l.
13
Let j(p) = -p**3 - 27*p**2 - 13*p - 94. Calculate the remainder when j(-27) is divided by 37.
35
Calculate the remainder when (7 + 103)*(-11)/(-5) is divided by 82.
78
Let j = -4 + -1. Let y(u) = -u**3 - 4*u**2 + 6*u - 4. Let f be y(j). Let z = -1 - f. Calculate the remainder when 23 is divided by z.
7
Suppose -4*m = -59 - 45. Let a = m - 21. What is the remainder when 13 is divided by a?
3
Let b = 20 + -29. Let v(z) = 2*z**2 + 13*z - 22. Let a = -18 + 63. What is the remainder when a is divided by v(b)?
22
Suppose j + b = 132 - 31, 5*j - 4*b - 487 = 0. What is the remainder when 36 is divided by 5/(-20) + j/12?
4
Let x(w) = w**3 + 17*w**2 + 15*w - 16. Let a be x(-16). Let i be 1/2 - 18/(-4). Let k = a + i. What is the remainder when 17 is divided by k?
2
Suppose -b = -4*b - 9, -3*m = 4*b + 6. Suppose -39 = -m*s - 5*u, 2*s - 4*u + 12 = 3*s. Calculate the remainder when 61 is divided by s.
29
Let c = 6 + 0. Let w(v) = v**3 - 14*v**2 + 16. Let j be 9/6*(-28)/(-3). Calculate the remainder when w(j) is divided by c.
4
Suppose -6*g = -7*g - 2. What is the remainder when 68 is divided by 11 + g/(8/(-12))?
12
Suppose -24*z + 93*z = 552. What is the remainder when 12 is divided by z?
4
Suppose 0 = -19*r - 17*r + 1440. What is the remainder when r is divided by ((-22)/6)/((-2)/12)?
18
Suppose 90*q - 87*q = 42. What is the remainder when 120 is divided by q?
8
Suppose 4*q = 3*r - 0*r - 37, -4*q = 2*r + 2. Calculate the remainder when 10*(23 + -11 + -10) is divided by r.
6
Let k = 74 - -71. What is the remainder when k is divided by 127?
18
Let k(p) = p**2 + 3*p - 13. Calculate the remainder when 57 is divided by k(-8).
3
Let n(r) = 100*r**2 + 2*r + 1. Calculate the remainder when n(-1) is divided by 0 - (-53 + 0) - (8 + -6).
48
Let b(j) = -j**3 - j**2 + 2*j - 3. What is the remainder when 221 is divided by b(-3)?
5
Suppose 13*l = -6*l + 2071. Calculate the remainder when 110 is divided by l.
1
Suppose -15 = -3*h + 9. Let p(m) be the third derivative of m**4/3 - 5*m**3/2 - 115*m**2. Calculate the remainder when p(h) is divided by 13.
10
Let u = 110 - 71. What is the remainder when u is divided by 1 - 3*(-65)/15?
11
Suppose 3*x = 12 - 159. Let t = -34 - x. Suppose 0 = 3*s, h - 6*s - 87 = -9*s. What is the remainder when h is divided by t?
12
Let n(p) = p**3 - 17*p**2 + 40*p - 36. Calculate the remainder when n(15) is divided by 23.
22
Suppose 19*r = 4*r + 45. Let q(y) = -y - 4. Let v be q(-6). Suppose -52 = -r*b - 2*k, 3*b = -v*b - k + 96. Calculate the remainder when 59 is divided by b.
19
Let i = 434 - 414. What is the remainder when 39 is divided by i?
19
Let u = 1331 - 990. Calculate the remainder when u is divided by 58.
51
Let s be 2 - 1/(4/384). Calculate the remainder when 0/(-2 + 4) - s is divided by 16.
14
Suppose 0 = 8*d - 3*d - 5*w - 485, 5*w = -4*d + 433. Let t = d - 61. Let o = -56 + 70. What is the remainder when t is divided by o?
13
Let a be 2*6/18 + (-19)/(-3). Suppose -4*u + a*u - 6 = -5*y, 0 = -2*y - 3*u - 3. Calculate the remainder when y is divided by 2.
1
Let r = 1169 + -1093. What is the remainder when 225 is divided by r?
73
Calculate the remainder when 96 - (-1 + 36/20)*-5 is divided by 8.
4
Calculate the remainder when 34 is divided by (-30 - 0)*(-32)/40.
10
Let k(v) = -v**3 - 5*v**2 + 7*v + 4. Let h be (30/(-25))/((-2)/(-10)). Let p be k(h). Let w(c) = c + 6. Calculate the remainder when 10 is divided by w(p).
2
Let b(o) = -3*o**2 - 35. Let x be b(0). What is the remainder when 448/x*(1 + -2*3) is divided by 33?
31
Let h(a) = 2*a**3 - 5*a**2 + 8*a - 18. Calculate the remainder when 64 is divided by h(3).
4
Let x(t) = t - 15. Let p be x(17). Calculate the remainder when 13 is divided by 1/(7/3 - p).
1
Suppose -34*z + 395 = -47. Suppose -3*v = 2*v - 30. Calculate the remainder when (v/(-15))/(1/(-95)) is divided by z.
12
Let z = -13 - -26. What is the remainder when z is divided by 2*(0/(-3) + 2) - -1?
3
Let y(j) = j**2 - 2*j - 28. Let w be y(0). Cal